{"id":8,"date":"2011-07-17T16:29:52","date_gmt":"2011-07-17T15:29:52","guid":{"rendered":"http:\/\/kirche-ostenfeld.de\/wordpress\/?page_id=8"},"modified":"2026-03-29T19:32:25","modified_gmt":"2026-03-29T18:32:25","slug":"ruheforst","status":"publish","type":"page","link":"https:\/\/kirche-ostenfeld.de\/wordpress\/ruheforst","title":{"rendered":"Ruheforst"},"content":{"rendered":"<p>Der Ruheforst liegt zwischen Schleswig und Husum im Ortsteil Rott. Er ist in der Tr\u00e4gerschaft des Nordfriesischen Friedhofswerkes (NFW), einer Einrichtung des Ev.-Luth. Kirchenkreises Nordfriesland.<\/p>\n<p>Im Ruheforst befinden sich zahlreiche Ruhebiotope. Diese Fl\u00e4chen, durch einen Baum oder ein anderes Naturdenkmal gepr\u00e4gt, k\u00f6nnen als letzte Ruhest\u00e4tte ausgew\u00e4hlt werden. Hier k\u00f6nnen einzelne Personen, Familien oder andere sich im Leben nahe stehenden Menschen beigesetzt werden. Das Recht auf Nutzung eines Ruhebiotops kann f\u00fcr 99 Jahre erworben werden.<\/p>\n<p>Die Asche der Verstorbenen wird in einer biologisch abbaubaren Urne beigesetzt. Trauerzeremonien k\u00f6nnen individuell gestaltet werden. Eine namentliche Kennzeichnung des Grabes ist am Baum mit einem kleinen Schild in gedeckten Farben m\u00f6glich. An einem ruhig gelegenen Andachtsplatz inmitten des Waldes kann vom Verstorbenen Abschied genommen werden.<\/p>\n<p>Anmeldungen zu den kostenlosen F\u00fchrungen bitte unter Telefon 04551 \/ 9598-65.<\/p>\n<p>Weitere Informationen finden Sie <a href=\"https:\/\/www.ruheforst-deutschland.de\/ostenfeld\/\" target=\"_self\" rel=\"noopener\">hier<\/a>.<\/p>\n","protected":false},"excerpt":{"rendered":"<p>Der Ruheforst liegt zwischen Schleswig und Husum im Ortsteil Rott. Er ist in der Tr\u00e4gerschaft des Nordfriesischen Friedhofswerkes (NFW), einer Einrichtung des Ev.-Luth. Kirchenkreises Nordfriesland. Im Ruheforst befinden sich zahlreiche Ruhebiotope. Diese Fl\u00e4chen, durch einen Baum oder ein anderes Naturdenkmal &hellip; <a href=\"https:\/\/kirche-ostenfeld.de\/wordpress\/ruheforst\">Weiterlesen <span class=\"meta-nav\">&rarr;<\/span><\/a><\/p>\n","protected":false},"author":2,"featured_media":0,"parent":0,"menu_order":6,"comment_status":"closed","ping_status":"closed","template":"","meta":{"footnotes":""},"class_list":["post-8","page","type-page","status-publish","hentry"],"_links":{"self":[{"href":"https:\/\/kirche-ostenfeld.de\/wordpress\/wp-json\/wp\/v2\/pages\/8","targetHints":{"allow":["GET"]}}],"collection":[{"href":"https:\/\/kirche-ostenfeld.de\/wordpress\/wp-json\/wp\/v2\/pages"}],"about":[{"href":"https:\/\/kirche-ostenfeld.de\/wordpress\/wp-json\/wp\/v2\/types\/page"}],"author":[{"embeddable":true,"href":"https:\/\/kirche-ostenfeld.de\/wordpress\/wp-json\/wp\/v2\/users\/2"}],"replies":[{"embeddable":true,"href":"https:\/\/kirche-ostenfeld.de\/wordpress\/wp-json\/wp\/v2\/comments?post=8"}],"version-history":[{"count":12,"href":"https:\/\/kirche-ostenfeld.de\/wordpress\/wp-json\/wp\/v2\/pages\/8\/revisions"}],"predecessor-version":[{"id":6615,"href":"https:\/\/kirche-ostenfeld.de\/wordpress\/wp-json\/wp\/v2\/pages\/8\/revisions\/6615"}],"wp:attachment":[{"href":"https:\/\/kirche-ostenfeld.de\/wordpress\/wp-json\/wp\/v2\/media?parent=8"}],"curies":[{"name":"wp","href":"https:\/\/api.w.org\/{rel}","templated":true}]}}